en 519 is divided by 179.
161
What is the remainder when 19749 is divided by 290?
29
Calculate the remainder when 682373 is divided by 5.
3
What is the remainder when 6717 is divided by 1087?
195
Calculate the remainder when 9821 is divided by 2451.
17
Calculate the remainder when 3547 is divided by 49.
19
Calculate the remainder when 379040 is divided by 79.
77
Calculate the remainder when 2397 is divided by 39.
18
What is the remainder when 72706 is divided by 6?
4
Calculate the remainder when 27158 is divided by 406.
362
Calculate the remainder when 591187 is divided by 153.
148
Calculate the remainder when 357483 is divided by 6620.
3
What is the remainder when 84504 is divided by 506?
2
Calculate the remainder when 3066122 is divided by 25.
22
Calculate the remainder when 112625 is divided by 361.
354
Calculate the remainder when 17990 is divided by 3594.
20
Calculate the remainder when 26697 is divided by 1226.
951
Calculate the remainder when 6459 is divided by 5.
4
Calculate the remainder when 9341249 is divided by 661.
658
What is the remainder when 386566 is divided by 78?
76
Calculate the remainder when 153995 is divided by 100.
95
Calculate the remainder when 15324 is divided by 1664.
348
What is the remainder when 3441 is divided by 1136?
33
What is the remainder when 57501 is divided by 16?
13
What is the remainder when 3412 is divided by 132?
112
What is the remainder when 261913 is divided by 353?
340
Calculate the remainder when 97317 is divided by 199.
6
Calculate the remainder when 69881 is divided by 1426.
7
Calculate the remainder when 4873 is divided by 112.
57
Calculate the remainder when 218268 is divided by 167.
166
Calculate the remainder when 634087 is divided by 12.
7
What is the remainder when 45807 is divided by 777?
741
What is the remainder when 2123 is divided by 1057?
9
What is the remainder when 1565 is divided by 24?
5
Calculate the remainder when 19803 is divided by 129.
66
What is the remainder when 16304 is divided by 291?
8
What is the remainder when 851 is divided by 617?
234
Calculate the remainder when 14573 is divided by 18.
11
What is the remainder when 28418 is divided by 9464?
26
What is the remainder when 51730 is divided by 24?
10
Calculate the remainder when 222 is divided by 20.
2
What is the remainder when 204676 is divided by 1651?
1603
What is the remainder when 5989799 is divided by 804?
803
What is the remainder when 2539 is divided by 1898?
641
Calculate the remainder when 8207 is divided by 2729.
20
Calculate the remainder when 7671 is divided by 220.
191
Calculate the remainder when 37975 is divided by 233.
229
What is the remainder when 9427 is divided by 69?
43
What is the remainder when 8048 is divided by 8034?
14
Calculate the remainder when 726335 is divided by 26901.
8
What is the remainder when 2004033 is divided by 548?
545
What is the remainder when 3481 is divided by 75?
31
What is the remainder when 13720 is divided by 979?
14
Calculate the remainder when 349121 is divided by 95.
91
What is the remainder when 63940 is divided by 5?
0
Calculate the remainder when 80523 is divided by 20126.
19
Calculate the remainder when 51610 is divided by 42.
34
What is the remainder when 57894 is divided by 28894?
106
What is the remainder when 2088 is divided by 938?
212
Calculate the remainder when 135421 is divided by 67642.
137
What is the remainder when 100637 is divided by 148?
145
Calculate the remainder when 19878 is divided by 170.
158
Calculate the remainder when 13503 is divided by 3229.
587
Calculate the remainder when 9700 is divided by 336.
292
Calculate the remainder when 135176 is divided by 51.
26
What is the remainder when 169061 is divided by 169058?
3
What is the remainder when 2415118 is divided by 347?
345
What is the remainder when 12061 is divided by 98?
7
What is the remainder when 25103 is divided by 1475?
28
Calculate the remainder when 57728 is divided by 62.
6
What is the remainder when 718 is divided by 599?
119
What is the remainder when 42509 is divided by 5312?
13
Calculate the remainder when 2344 is divided by 690.
274
What is the remainder when 363436 is divided by 13?
8
Calculate the remainder when 1748 is divided by 124.
12
What is the remainder when 401 is divided by 21?
2
What is the remainder when 25264 is divided by 12631?
2
What is the remainder when 20995 is divided by 9?
7
What is the remainder when 31532 is divided by 108?
104
Calculate the remainder when 225 is divided by 83.
59
What is the remainder when 182 is divided by 162?
20
What is the remainder when 23887 is divided by 11943?
1
What is the remainder when 40659 is divided by 10103?
247
Calculate the remainder when 53775 is divided by 55.
40
Calculate the remainder when 541743 is divided by 29.
23
Calculate the remainder when 7410 is divided by 157.
31
Calculate the remainder when 1407 is divided by 202.
195
What is the remainder when 69782 is divided by 4361?
6
Calculate the remainder when 1544 is divided by 1503.
41
What is the remainder when 4286 is divided by 1419?
29
Calculate the remainder when 197827 is divided by 2826.
7
Calculate the remainder when 638 is divided by 38.
30
Calculate the remainder when 928814 is divided by 112.
110
What is the remainder when 33249 is divided by 16622?
5
What is the remainder when 73951 is divided by 510?
1
Calculate the remainder when 2345 is divided by 821.
703
What is the remainder when 4240 is divided by 90?
10
Calculate the remainder when 29404 is divided by 9755.
139
Calculate the remainder when 1255060 is divided by 50.
10
Calculate the remainder when 925 is divided by 249.
178
What is the remainder when 31434 is divided by 7?
4
Calculate the remainder when 14167 is divided by 7083.
1
What is the remainder when 729 is divided by 99?
36
Calculate the remainder when 387816 is divided by 96946.
32
Calculate the remainder when 8201 is divided by 2044.
25
What is the remainder when 3362 is divided by 668?
22
Calculate the remainder when 771491 is divided by 182.
175
What is the remainder when 1129294 is divided by 221?
205
Calculate the remainder when 60731 is divided by 1786.
7
What is the remainder when 3219830 is divided by 313?
312
What is the remainder when 11701 is divided by 298?
79
What is the remainder when 39571 is divided by 22?
15
Calculate the remainder when 4031 is divided by 2009.
13
What is the remainder when 14832 is divided by 316?
296
Calculate the remainder when 381 is divided by 33.
18
What is the remainder when 245016 is divided by 81672?
0
What is the remainder when 22331 is divided by 5375?
831
Calculate the remainder when 19066 is divided by 1077.
757
Calculate the remainder when 162551 is divided by 128.
119
What is the remainder when 3183 is divided by 3043?
140
What is the remainder when 4410 is divided by 119?
7
Calculate the remainder when 11807 is divided by 368.
31
What is the remainder when 24515 is divided by 40?
35
Calculate the remainder when 5074 is divided by 452.
102
What is the remainder when 8044 is divided by 1974?
148
Calculate the remainder when 2420 is divided by 2401.
19
Calculate the remainder when 91143 is divided by 66.
63
What is the remainder when 23212 is divided by 11468?
276
What is the remainder when 22815 is divided by 326?
321
Calculate the remainder when 458 is divided by 150.
8
Calculate the remainder when 447 is divided by 8.
7
Calculate the remainder when 337609 is divided by 22.
19
What is the remainder when 205573 is divided by 3068?
17
What is the remainder when 813 is divided by 215?
168
What is the remainder when 1803 is divided by 23?
9
Calculate the remainder when 1197 is divided by 276.
93
What is the remainder when 86292 is divided by 134?
130
What is the remainder when 5472 is divided by 452?
48
Calculate the remainder when 34755 is divided by 39.
6
What is the remainder when 12553 is divided by 3967?
652
What is the remainder when 3273 is divided by 566?
443
What is the remainder when 4276 is divided by 186?
184
What is the remainder when 5267 is divided by 78?
41
What is the remainder when 87206 is divided by 17368?
366
Calculate the remainder when 10934 is divided by 74.
56
What is the remainder when 2762 is divided by 115?
2
What is the remainder when 955 is divided b